 = -51 - -115. Let u = 23 - v. What is the remainder when -1 - u - 6/3 is divided by 13?
12
Suppose 20 = 28*s - 26*s. Let y = -20 + 38. Calculate the remainder when y is divided by s.
8
What is the remainder when 75 is divided by (-1 + 20)*1/1?
18
Let w(h) = h**2 - 5*h + 4. Let v be w(6). Let s(f) = f**3 - 11*f**2 + 11*f + 1. What is the remainder when s(v) is divided by 6?
5
Suppose 4*k = 4*t - 40, 5*k + 19 = 2*t - 16. Let z = 4 - -15. Calculate the remainder when z is divided by t.
4
Let w = 75 + -64. Suppose 4*y = 5*y. Suppose 5*s + h - 2*h - 219 = y, 4*h - 27 = -s. What is the remainder when s is divided by w?
10
Let o(t) = t**3 - 2*t**2 + 2*t + 1. Suppose 3*g - 8 + 2 = 0. Let u be o(g). Let c = 44 + u. What is the remainder when c is divided by 13?
10
Let h be (0 + 3)*4/(-6). Let l = h - -67. What is the remainder when l is divided by 17?
14
What is the remainder when 807*1/4 + (-51)/(-204) is divided by 52?
46
Let o = 68 - 30. What is the remainder when 227 is divided by o?
37
Let o = -4 + 12. Calculate the remainder when 28 is divided by o.
4
Let w be 1 + (-4 - (4 - -23)). Let r = -2 - w. What is the remainder when 109 is divided by r?
25
Let y = 27 - -3. Suppose -3*a - y = -105. Suppose -3*w + 6*w = 39. Calculate the remainder when a is divided by w.
12
Suppose -2*l - 2*l - 400 = -j, 15 = 3*l. Suppose 2*v + 2*v - j = 0. Suppose -4*a - v = -9*a. Calculate the remainder when 61 is divided by a.
19
Let p(y) = -y**2 + 12. Let l(q) = -q**3 + 2*q**2 - q. Let g be l(1). What is the remainder when 45 is divided by p(g)?
9
Suppose -2*u + 0*l = 3*l - 38, -5*u = 4*l - 81. Calculate the remainder when 19 is divided by u.
6
Suppose 5*s - 6 = a - 3*a, 0 = 5*s + 10. What is the remainder when 29 is divided by a?
5
Let t(v) = 4*v - 2. Let o be t(5). Let u = -13 + o. Suppose 4*j + d - 54 = 0, -4*j - d + 40 = -j. What is the remainder when j is divided by u?
4
Let v = 142 - 96. Let o(w) be the second derivative of w**5/20 - 7*w**4/12 + w**3/6 + 9*w**2/2 + w. What is the remainder when v is divided by o(7)?
14
Let a = 1 - -2. Calculate the remainder when (a/(9/(-21)))/(-1) is divided by 2.
1
Let w(f) = 2*f + 3. Let p be w(-3). Let m = -1 - p. What is the remainder when 2 is divided by m?
0
Suppose 60 = 44*y - 38*y. Calculate the remainder when 15 is divided by y.
5
Suppose 2*a + 754 = 4*a. Suppose 5*b + 469 = 4*w, -b + a = 3*w + 49. Calculate the remainder when w is divided by 38.
35
Let x = 24 - 12. What is the remainder when 58 is divided by x?
10
Let a = 8 + -3. Suppose r + 5*s - 3 + 147 = 0, 668 = -a*r + s. Calculate the remainder when (-10)/15 + r/(-3) is divided by 23.
21
Calculate the remainder when (-1*28)/(3 + 1 + -5) is divided by (11 - (2 + 0)) + 1.
8
Let c(h) = -2*h**3 + 7*h**2 - 3*h + 4. Let p be c(5). Let j = -12 + -22. Let v = j - p. What is the remainder when v is divided by 18?
16
Let i = 99 - 91. Calculate the remainder when i is divided by 5.
3
Let u = 63 + -44. Let m(i) = -18*i. Calculate the remainder when m(-2) is divided by u.
17
Let a(l) = -7*l - 2. Calculate the remainder when a(-8) is divided by 14.
12
Let l(c) = -3*c**3 - 5*c**2 - c + 8. Calculate the remainder when l(-4) is divided by 18.
16
Let y = 28 - 17. Calculate the remainder when 31 is divided by y.
9
Let p = 6 + -6. Suppose 3*n + p*n - 24 = 0. What is the remainder when 6 is divided by (n/1)/(6 - 4)?
2
Let h(c) = c**2 - 7*c + 3. Suppose -3*k + 7 - 10 = 0. Calculate the remainder when 1/((-1)/k) - -4 is divided by h(7).
2
Suppose -36 = -3*s - 5*y, -s + 2*s + 4*y = 5. Calculate the remainder when 50 is divided by s.
16
Let n(j) = j**3 - 7*j**2 + 9*j - 5. What is the remainder when n(7) is divided by 15?
13
Suppose 2*g - 65 = g. Suppose d = 6*d - 25, 0 = -5*y - 2*d + g. What is the remainder when 41 is divided by y?
8
Let r(g) = -g**3 - 11*g**2 - 13*g - 4. Let u be r(-10). Suppose 5*k + u - 96 = 0. Calculate the remainder when 54 is divided by k.
12
Let p(x) = 22*x**2 - x + 1. What is the remainder when p(1) is divided by 9?
4
Suppose 35 = 13*w - 17. What is the remainder when 7 is divided by w?
3
Suppose 106 = -a - a. Let w = -31 - a. Calculate the remainder when w is divided by 8.
6
What is the remainder when ((-2)/(-2))/(1/5)*2 is divided by 3?
1
Let f(h) = -h**3 - 12*h**2 - 12*h - 3. Let p be f(-11). Suppose l = 5*l - 4. Let g = p - l. What is the remainder when 20 is divided by g?
6
Suppose 4*u - 4*v = v + 201, -177 = -3*u - 5*v. What is the remainder when u is divided by 8?
6
Let o be (-15 + 1)/(6/15). Suppose -2*n + 2*u - 51 = -5*n, 5*u = -3*n + 51. What is the remainder when (-2)/7 + (-1165)/o is divided by n?
16
Suppose 8 = -4*b + 56. Calculate the remainder when 33 is divided by b.
9
Calculate the remainder when (-43 + (1 - 2))*(-2)/4 is divided by 12.
10
Suppose -2*i + 2 + 10 = 0. Let g = 9 - i. Calculate the remainder when 3 is divided by g.
0
Let h(t) = 8*t + 1. Let b be h(6). What is the remainder when b - (1 - (-8)/(-2)) is divided by 18?
16
Let o(r) = r - 9. Suppose v - 9 + 1 = 0. What is the remainder when v is divided by o(11)?
0
Suppose 0*s + s - 10 = 0. Let f(v) = -3 - 1 + 29*v + 3. Calculate the remainder when f(1) is divided by s.
8
Let f(t) = 2*t**3 + t**2 + t - 1. Let b(g) = g**2 + g - 3. What is the remainder when f(1) is divided by b(-3)?
0
Let l(y) = 5*y**2 - 2*y - 14. Calculate the remainder when 99 is divided by l(-2).
9
Let w(y) = -y**3 + 7*y**2 + 2*y - 1. Calculate the remainder when 63 is divided by w(7).
11
Calculate the remainder when 145*(0 + 1)*(-2 + 3) is divided by 21.
19
Suppose 0 = 3*g - 7*g + 192. Let v(b) = b**2 + 2*b + 2. Let u be v(3). What is the remainder when g is divided by (u/3)/((-1)/(-3))?
14
Suppose 4*a = 5*u + 38, 2*a + 0*u = 5*u + 24. Calculate the remainder when 27 is divided by a.
6
Suppose -r + 60 = 4*r. Let b(n) = 23*n**2 - n**3 - 23 - 22*n**2 + 57. Calculate the remainder when b(0) is divided by r.
10
Let o(z) = -z**3 + 6*z**2 - 4*z + 3. Suppose l = s - 61 + 5, -s = 2*l - 53. What is the remainder when s is divided by o(4)?
17
Let b(c) = -c**2 + 3*c + 3. Let k = -4 + 9. Calculate the remainder when k is divided by b(3).
2
Let r(k) = 2*k**2 - 5*k - 4. Let g be (-12)/(-4) - (-3)/1. What is the remainder when r(g) is divided by 13?
12
Suppose 0 = -9*o + 10*o - 24. What is the remainder when o is divided by 5?
4
What is the remainder when 0 - (14*-1 + 1) is divided by (-2)/((-48)/150) + 9/12?
6
Suppose 2*c + 5*r = 24, 0 = c - 3*r + 2*r + 2. Suppose -m + 2*m - 12 = -c*x, 4*x = m - 12. What is the remainder when 34 is divided by m?
10
Suppose -3*a + 43 = 4*z, 6*z - 38 = -3*a + z. Calculate the remainder when 39 is divided by a.
18
Let q = -5 + 4. Let g be 2*q*(-1)/1. Let t = 21 - g. Calculate the remainder when t is divided by 10.
9
Suppose -3*u + 73 = -2*u. Suppose -u = -p + 79. Calculate the remainder when (-1)/3 + p/6 is divided by 7.
4
Let w(h) be the first derivative of -h**2 + h + 2. Calculate the remainder when 1*(37 + (-5)/1) is divided by w(-5).
10
Suppose -2*p + 5 = -21. Calculate the remainder when 35 is divided by p.
9
Suppose i = -i + 4. Let u = -10 - -9. Let t(j) = -2*j**3 + j**2 + 2*j + 1. What is the remainder when i is divided by t(u)?
0
Let d = -2 + 3. Let k = -4 + 41. What is the remainder when k is divided by d/(0 - 1/(-13))?
11
Let p = 117 - 81. Let o = 61 - p. What is the remainder when o is divided by 9?
7
Let l(r) be the third derivative of -7*r**4/24 - r**3/6 - 10*r**2. What is the remainder when l(-6) is divided by 11?
8
Suppose -4*u = -2*j + 64, -u = -0*u - 4. What is the remainder when j is divided by 14?
12
Let y(z) = z**3 + 2*z - 1. Let m = 1 + 1. Calculate the remainder when 2/3 + 61/3 is divided by y(m).
10
Let v(r) = r**3 - 4*r**2 - 4*r - 5. Let y be v(5). Suppose 5*x = -y*x + 160. Let m = 11 - -6. Calculate the remainder when x is divided by m.
15
Suppose 10 = -2*t, 3*x = 4*x + 5*t + 12. What is the remainder when 22 is divided by x?
9
Suppose 4*s - 5*g - 472 = 0, 0 = -4*s - 4*g + 549 - 41. Calculate the remainder when s is divided by 33.
24
Let i be (-21 - -3 - -3)*-3. Calculate the remainder when 0 - -1 - -1*i is divided by 16.
14
Let q(w) = -3*w. Calculate the remainder when 57 is divided by q(-2).
3
Suppose -5*h - 115 = -4*i, h - 4*h - 59 = -2*i. Suppose -3*m - i = -8*m. What i